inder when z is divided by 40.
20
Suppose -5*h - 5*n + 369 = -4*h, 0 = 5*h + 4*n - 1824. What is the remainder when h is divided by 134?
96
Suppose 0 = -28*t + 2427 + 737. Suppose 3*a - 136 - 169 = 5*o, 4*o = -a + t. Calculate the remainder when a is divided by 58.
47
Suppose 3*d - 8 = -2, 5*d - 33 = -r. Calculate the remainder when 819 is divided by r.
14
Calculate the remainder when (-2157)/(-6) + (((-1210)/(-20))/11 - 6) is divided by 7.
2
Let d(a) = -15*a + 16. Let n be d(14). Let c = -118 - n. Calculate the remainder when c is divided by 20.
16
Let o = -297 + 302. Suppose -345 = -4*p + a + 447, o*a - 418 = -2*p. Calculate the remainder when p is divided by 29.
25
Let g(m) = -21*m. Suppose 5*z = -3*p + 742, -52*z = -51*z - p - 142. What is the remainder when z is divided by g(-2)?
20
Let i = -367 - -374. Let z(m) = -2*m**3 + 16*m**2 - 13*m + 15. Calculate the remainder when 149 is divided by z(i).
17
Suppose -4*v + 15*r - 11*r = -68, 2*v - 34 = 3*r. Suppose -v*h - 59 = -4*g - 16*h, -2*h = -3*g + 43. Calculate the remainder when 91 is divided by g.
1
What is the remainder when 135/180*(-12140)/(-15) is divided by 2?
1
Calculate the remainder when 747 is divided by (-386 + 0 + 17)*-1.
9
Suppose 17 + 23 = 3*h - 5*s, -h + 4 = -4*s. Suppose -2*f - h = -7*f. Let w = -48 + 49. What is the remainder when f is divided by w?
0
Let r = 523778 + -523775. What is the remainder when (-8)/(-6)*(-138)/(-4) is divided by r?
1
Suppose 5*u - 82 = 2*h, 0 = -136*u + 135*u - h + 22. Calculate the remainder when 16683 is divided by u.
15
Let y = -5399 + 5848. Calculate the remainder when y is divided by 153.
143
Let l = -7690 + 7998. Calculate the remainder when 633 is divided by l.
17
Let u(r) = 11*r**2 - 174*r + 41. Calculate the remainder when u(17) is divided by 68.
58
Let g(q) = 5*q**2 - 5*q. Suppose 2*b - 10 = -6. Let z be g(b). Suppose 90 = 4*d + z. Calculate the remainder when 39 is divided by d.
19
Suppose -c + 16 = 3*c. Suppose -2*o - 24*z = -18*z, -5*o = 5*z - 10. What is the remainder when 0/c + -1 + 4 is divided by o?
0
What is the remainder when 1397 is divided by 7*(-3 - 102/(-17))?
11
Let h = 347 + -344. Suppose -88 - 62 = -h*y. What is the remainder when y is divided by 8?
2
Let l = 77 + -44. Let x = -104 - -102. Calculate the remainder when 16 is divided by 1/(l/(-18) - x).
4
Calculate the remainder when (430164/(-1890))/((-2)/5) is divided by 61.
20
Suppose 40*u = 7*u + 7227. Suppose 0 = 3*n - 2*k - 160, 3*k = 38*n - 42*n + u. Calculate the remainder when 120 is divided by n.
12
Let k(z) = 14*z - 67. Let h(w) = 12*w - 67. Let v(o) = 5*h(o) - 4*k(o). What is the remainder when 32 is divided by v(19)?
5
Suppose -5*u + 61 = 3*g, -4*g + 10 = g. Let q(k) = -u*k + 3*k + 3*k - 2*k. Calculate the remainder when q(-4) is divided by 17.
11
Let q = 39 - -253. Let y = 315 - q. Calculate the remainder when y is divided by 3.
2
Suppose 8*f - 76*f = -143 - 741. What is the remainder when 17016 is divided by f?
12
Suppose 0 = 4*t + 5*l - 73, t - 8*l + 3*l + 13 = 0. Suppose -6*a - 165 = -1107. Let n = a - 99. Calculate the remainder when n is divided by t.
10
Let i be -1 - (-2 + -3) - 4. Let u be -18*((-3)/(-9) - i). What is the remainder when (12/5)/(u/(-15)) is divided by 5?
1
Let l = 4447 + 6046. Calculate the remainder when l is divided by 9.
8
Suppose 2*d = 3*z - 438 - 1080, -2*z + 5*d + 1001 = 0. What is the remainder when z is divided by 10?
8
Suppose -3*g = -2*k + 16, 3*k + 14*g - 17*g = 30. Suppose 3*j = -2*m + k, -3*m = -3*j + j - 8. Calculate the remainder when 9 is divided by j.
1
Let l = -63 + 185. Suppose -3*h = -5*k - 400, 121*h - 5*k = 116*h + 650. What is the remainder when h is divided by l?
3
Let l = 75 + -75. Suppose l = 2*d - 9*d + 231. Let q = -16 + d. Calculate the remainder when 67 is divided by q.
16
Suppose 1613*v - 17936 = 1141*v. Let s = 363 - 234. Calculate the remainder when s is divided by v.
15
Suppose -31431 - 20793 = -398*q + 142*q. Suppose l - 82 = -l. Calculate the remainder when q is divided by l.
40
Suppose -2*z = -4*l - 1094, 4*l + 0*l = z - 1091. Let f = -220 - l. What is the remainder when f is divided by 18?
16
Let a = -4570 - -4964. Calculate the remainder when a is divided by 63.
16
Let n be ((-6)/5)/(62/(-20) + 3). Let c be n/5*(-75)/(-10). Suppose l - c = 14. What is the remainder when l is divided by 11?
10
Let u(m) = -m**2 - 80*m - 511. What is the remainder when u(-13) is divided by 101?
57
Let x(k) = 4 + 23*k - 6 - 8 - 13 - 1 - 3*k**2. Calculate the remainder when 87 is divided by x(4).
7
Suppose -3*g + 4*u = -82, 2*g - 180 = -3*g - 2*u. Calculate the remainder when g is divided by 49/8 + 4 + -1*198/48.
4
Let c = -18780 - -18814. Calculate the remainder when 1013 is divided by c.
27
Let u = 1777 - 1489. Calculate the remainder when u is divided by 17.
16
Suppose -155*i - 15 = -160*i, 4*i = -2*b + 374. Calculate the remainder when 6515 is divided by b.
180
What is the remainder when 318 is divided by (947/6)/((-6)/(-4)) - 54/243?
3
Let o(l) = 4*l - 120. Let t(h) = -h - 1. Let z(v) = -o(v) - 6*t(v). Let j = -22 - -37. What is the remainder when z(-41) is divided by j?
14
Let n(j) = -j**2 + 2*j + 40. Calculate the remainder when 1188 is divided by n(5).
13
Let q(b) be the second derivative of -5*b**3/6 - 33*b**2 - 33*b - 1. Calculate the remainder when 15 is divided by q(-14).
3
Let b(x) = -417*x + 24. Let y be b(-2). Suppose 29*g - 26*g - y = 0. Calculate the remainder when g is divided by 58.
54
Let i = 83930 - 83920. Calculate the remainder when (1/1)/(1/74) is divided by i.
4
Let d = 1194 + -1166. Calculate the remainder when d is divided by 6.
4
Let z = 58 + -47. Let w be 21/14 - (-3)/(-2). Suppose w = 2*c - 6 - 6. What is the remainder when z is divided by c?
5
Let c = -154 + 201. Let h(a) = -2*a**3 - 2*a**2 - 3*a - 1. Let y be h(-2). Calculate the remainder when c is divided by -5 - -1 - (-208)/y.
11
Suppose -4*u = -4*y - 1292, y + 1619 = 116*u - 111*u. Calculate the remainder when u is divided by 308.
16
Let r = 377 - 373. Calculate the remainder when (750/45)/((-1*r)/(-24)) is divided by 7.
2
Calculate the remainder when 5781/82*(0 - (-2 + 0)) is divided by 58.
25
Let k = -398 - -486. Let i(v) = -v**3 - v**2 + 1. Let a be i(-2). Suppose -2*u = -a*y - k, 5*u + 3*y = u + 124. What is the remainder when u is divided by 6?
4
Let h be (-33)/2*6/(-9). Let j = h - 6. Suppose -7*f = 3*y - 11*f - 33, -2*f = 2*y - 22. What is the remainder when y is divided by j?
1
Calculate the remainder when 255 is divided by (-10 - -23) + (9 - (7 - 4)).
8
Suppose -59*d = -3434 - 7245. What is the remainder when d is divided by 1/6 - (-390)/36?
5
Suppose 5*c - 4*c = 8. Suppose -45*b + 81*b = 54*b. Calculate the remainder when 42 is divided by -40*(b - c/20).
10
Let t = -21626 - -23362. Calculate the remainder when t is divided by 136.
104
Let w(y) be the third derivative of 8*y**6/15 - y**5/20 + y**4/12 + 12*y**2. Let g be w(1). Let u = g + -55. What is the remainder when 38 is divided by u?
6
Suppose 73*w + 73*w = 519*w - 1367045. Calculate the remainder when w is divided by 12.
5
Suppose 0 = 2*c - p + 7 + 37, 0 = 4*c + 4*p + 88. Suppose -23*u + 18 = -26*u. Calculate the remainder when 81 is divided by 4 + -1 - (3 + u + c).
25
Let t(i) be the first derivative of -i**4/4 + 8*i**3/3 - 4*i**2 - 5*i - 4. Let x = 463 - 457. What is the remainder when t(x) is divided by 7?
5
Let u be (6*9 + 0)/2. Suppose -3*l = -3*t - u, -2*l + 4*t + 23 = l. Let w(c) = -c**3 + 13*c**2 - c + 27. Calculate the remainder when 39 is divided by w(l).
11
Suppose 4*j = 4*j - 11*j + 21439. Calculate the remainder when j is divided by 19.
11
Let i = -68 + 710. Let z = i + -626. Suppose 341 = 3*n + 2*o, -2*o + 218 = 2*n - 3*o. Calculate the remainder when n is divided by z.
15
Suppose 15 - 144 = -3*l. Let v(w) be the first derivative of 27*w**2/2 - 34*w + 40. What is the remainder when v(6) is divided by l?
42
Suppose -164*s - 15 = -169*s. Suppose -z = -4*g + 645, g = -s*g - 2*z + 654. Calculate the remainder when g is divided by 29.
17
Let l(r) = 163*r - 1921. Let g(y) = -2*y - 6. Let m be g(-5). Suppose -5*a + 7 = -m*a. Calculate the remainder when l(12) is divided by a.
0
What is the remainder when (1/(-1) - -6)*5 is divided by ((-10)/4)/((-539)/28 + 18